tor of 493 and 58.
29
Calculate the greatest common divisor of 341 and 385.
11
Calculate the highest common factor of 183 and 2867.
61
Calculate the greatest common divisor of 6762 and 84.
42
What is the greatest common divisor of 420 and 120?
60
Calculate the greatest common divisor of 7729 and 131.
131
Calculate the highest common factor of 357 and 168.
21
Calculate the greatest common divisor of 185 and 370.
185
Calculate the greatest common factor of 29 and 58.
29
Calculate the greatest common divisor of 398 and 2.
2
What is the highest common factor of 2540 and 100?
20
What is the highest common factor of 434 and 248?
62
Calculate the highest common divisor of 4389 and 171.
57
Calculate the highest common factor of 72 and 45.
9
What is the greatest common factor of 96 and 24?
24
What is the greatest common factor of 10 and 70?
10
Calculate the greatest common divisor of 52 and 2522.
26
Calculate the greatest common divisor of 2793 and 147.
147
Calculate the greatest common factor of 40 and 340.
20
Calculate the greatest common divisor of 21 and 1113.
21
What is the highest common factor of 57 and 456?
57
Calculate the greatest common divisor of 198 and 1122.
66
Calculate the greatest common factor of 122 and 1647.
61
What is the greatest common divisor of 38 and 14402?
38
Calculate the greatest common factor of 5 and 5.
5
Calculate the highest common factor of 8 and 824.
8
What is the highest common divisor of 134 and 3618?
134
What is the greatest common factor of 11 and 88?
11
Calculate the greatest common divisor of 150 and 350.
50
What is the highest common divisor of 8 and 56?
8
What is the greatest common divisor of 2290 and 170?
10
Calculate the greatest common factor of 1408 and 330.
22
What is the highest common factor of 768 and 240?
48
What is the highest common divisor of 102 and 6?
6
What is the greatest common factor of 15 and 480?
15
What is the greatest common factor of 63 and 243?
9
Calculate the greatest common divisor of 975 and 300.
75
What is the greatest common divisor of 10 and 195?
5
Calculate the highest common divisor of 40 and 22240.
40
Calculate the highest common divisor of 288 and 18.
18
What is the highest common factor of 18 and 2?
2
What is the highest common factor of 676 and 260?
52
Calculate the highest common factor of 7 and 959.
7
Calculate the greatest common divisor of 108 and 60.
12
Calculate the highest common divisor of 531 and 944.
59
Calculate the highest common factor of 126 and 357.
21
Calculate the greatest common divisor of 375 and 1250.
125
What is the greatest common divisor of 923 and 13?
13
Calculate the greatest common divisor of 837 and 248.
31
Calculate the greatest common divisor of 63 and 2619.
9
Calculate the highest common divisor of 42 and 154.
14
What is the greatest common divisor of 120 and 1416?
24
Calculate the greatest common factor of 1946 and 70.
14
What is the greatest common divisor of 17 and 425?
17
Calculate the greatest common factor of 230 and 46.
46
Calculate the greatest common divisor of 136 and 170.
34
What is the highest common divisor of 1904 and 182?
14
Calculate the greatest common divisor of 26 and 2938.
26
Calculate the highest common divisor of 716 and 3759.
179
Calculate the highest common divisor of 42 and 777.
21
Calculate the greatest common divisor of 1732 and 8.
4
What is the greatest common factor of 1675 and 67?
67
What is the highest common factor of 266 and 152?
38
What is the greatest common divisor of 7051 and 22?
11
Calculate the highest common factor of 2068 and 2444.
188
Calculate the highest common factor of 17 and 229.
1
Calculate the highest common factor of 575 and 23.
23
Calculate the highest common divisor of 99 and 11.
11
Calculate the greatest common divisor of 12 and 204.
12
Calculate the highest common divisor of 136 and 24.
8
What is the highest common factor of 24 and 2904?
24
What is the highest common factor of 482 and 2?
2
What is the highest common factor of 138 and 92?
46
Calculate the highest common divisor of 30 and 90.
30
Calculate the highest common divisor of 25 and 40.
5
What is the highest common divisor of 12 and 2448?
12
Calculate the greatest common factor of 25 and 18.
1
What is the greatest common factor of 42 and 66?
6
What is the highest common factor of 58 and 8?
2
What is the highest common factor of 15 and 6?
3
Calculate the highest common factor of 924 and 756.
84
Calculate the highest common factor of 438 and 42.
6
What is the greatest common factor of 553 and 79?
79
Calculate the highest common divisor of 6 and 3606.
6
What is the highest common factor of 140 and 100?
20
Calculate the greatest common divisor of 30 and 915.
15
Calculate the highest common divisor of 3182 and 731.
43
What is the greatest common factor of 85 and 221?
17
What is the highest common factor of 913 and 166?
83
Calculate the greatest common divisor of 20 and 12.
4
What is the greatest common divisor of 276 and 3444?
12
What is the highest common divisor of 128 and 8?
8
What is the greatest common divisor of 224 and 96?
32
Calculate the greatest common divisor of 980 and 35.
35
What is the greatest common divisor of 375 and 9?
3
Calculate the highest common factor of 105 and 45.
15
What is the highest common factor of 70 and 1295?
35
Calculate the highest common divisor of 561 and 714.
51
Calculate the greatest common divisor of 9 and 18.
9
What is the greatest common factor of 252 and 70?
14
Calculate the greatest common divisor of 247 and 13.
13
What is the greatest common factor of 64 and 3904?
64
Calculate the highest common divisor of 4020 and 30.
30
What is the highest common factor of 702 and 312?
78
What is the highest common factor of 12 and 153?
3
What is the highest common factor of 10 and 205?
5
Calculate the greatest common divisor of 50 and 1175.
25
Calculate the highest common factor of 4235 and 560.
35
Calculate the greatest common divisor of 171 and 63.
9
What is the highest common factor of 15 and 1860?
15
Calculate the highest common divisor of 451 and 82.
41
Calculate the greatest common factor of 26092 and 44.
44
Calculate the greatest common divisor of 67 and 737.
67
Calculate the highest common divisor of 12 and 726.
6
What is the highest common factor of 6557 and 474?
79
Calculate the greatest common divisor of 117 and 52.
13
Calculate the highest common divisor of 294 and 14.
14
Calculate the greatest common divisor of 129 and 6063.
129
What is the highest common divisor of 18 and 558?
18
Calculate the greatest common divisor of 40 and 130.
10
What is the greatest common divisor of 1513 and 34?
17
What is the greatest common divisor of 430 and 30?
10
What is the greatest common divisor of 656 and 82?
82
Calculate the highest common divisor of 89 and 2403.
89
What is the highest common factor of 403 and 85033?
403
What is the highest common factor of 57 and 9?
3
What is the highest common factor of 459 and 187?
17
What is the highest common factor of 27 and 522?
9
Calculate the greatest common factor of 124 and 7409.
31
What is the greatest common factor of 279 and 62?
31
Calculate the highest common divisor of 3017 and 7.
7
Calculate the highest common divisor of 22 and 594.
22
What is the greatest common factor of 21 and 9121?
7
What is the highest common factor of 175 and 7455?
35
Calculate the greatest common divisor of 66 and 264.
66
Calculate the greatest common factor of 6250 and 110.
10
What is the highest common divisor of 50 and 110?
10
Calculate the greatest common factor of 32 and 944.
16
What is the highest common factor of 41 and 1312?
41
What is the highest common divisor of 96 and 512?
32
What is the highest common factor of 101 and 909?
101
What is the greatest common factor of 104 and 247?
13
What is the greatest common factor of 2 and 1154?
2
What is the greatest common factor of 8475 and 75?
75
What is the highest common divisor of 167 and 1?
1
What is the greatest common divisor of 85 and 10?
5
Calculate the greatest common divisor of 5 and 7795.
5
What is the greatest common divisor of 2353 and 533?
13
Calculate the greatest common divisor of 3604 and 2924.
68
Calculate the highest common divisor of 490 and 182.
14
What is the highest common divisor of 481 and 1184?
37
What is th